0 + c*i**2. Calculate d(-3).
-1
Let m be (1 - (-2 + 1)) + -13 + 16. Suppose 23 = 3*o + m. Let z(t) = -38*t - t**3 - o*t**2 + 43*t + 1 - 5. Calculate z(-7).
10
Let k(g) = 12*g**2 + 2*g + 2. Let t be k(1). Suppose -4*b - t = 8. Let i(x) = 2*x + 4. Determine i(b).
-8
Suppose -5*i + 7*i = 468. Let w = 227 - i. Let z(f) = -f**2 - 8*f. What is z(w)?
7
Let u(p) be the second derivative of -7*p**3/3 - 7*p**2/2 - 1428*p. Give u(-4).
49
Suppose -2*v - 80 = 5*i, 0 = -2*i + 16*v - 13*v - 13. Let r(m) = -m - 45. Calculate r(i).
-31
Let q(o) = -81 - 21*o**2 + 7*o + 10*o**3 + 2*o**3 + 63. Let a(b) = -7*b**3 + 11*b**2 - 4*b + 9. Let l(y) = 5*a(y) + 3*q(y). Calculate l(8).
-1
Let b(k) = -7*k**3 + 84*k**2 - 5*k + 5. Let f(u) = -15*u**3 + 180*u**2 - 11*u + 12. Let p(x) = -13*b(x) + 6*f(x). Determine p(12).
-5
Let d be ((-3)/4)/((252/(-128))/(-21)). Let k(a) = 2*a**2 + 8*a + 12*a + 5 - 4*a. Give k(d).
5
Let o(q) be the first derivative of -q**4/6 + 11*q**3/6 + q**2 - 36*q + 2. Let d(g) be the second derivative of o(g). Give d(9).
-25
Let p be (-14)/(-2) - -1 - 2. Let y(s) be the second derivative of -s**4/12 + 2*s**3 - 27*s**2/2 - 48735*s + 1. Calculate y(p).
9
Let u(l) = -9*l**2 + 2*l + 1. Let a(m) = 16*m**2 - 4*m - 1. Let i(z) = -4*a(z) - 7*u(z). Calculate i(-5).
-38
Let r be 4/10 - (-36)/10. Suppose -o + k = -9, 27 = 6*o - 3*o + 3*k. Let c(a) = -4 - 17*a**2 - 3*a + o*a**2 + 3*a**2 + 6*a**2. Calculate c(r).
0
Suppose 11*o = -3*o + 98. Suppose o*j = 3*j + 16. Let d(x) = x**3 - 4*x**2 + 2*x - 4. Determine d(j).
4
Suppose 40 = 3*m + 5*y, 4 = y - 1. Suppose 0 = -5*a + 4*d - 45, -22 = 3*a + m*d + 5. Let l(q) = q**3 + 9*q**2. Determine l(a).
0
Let u(t) = 4 + t + 33 - 8 - 16. Give u(15).
28
Let d(t) = -t + 4. Let b(u) = u**3 - 35*u**2 - 2*u + 72. Let f be b(35). Let y be 2/(5 + (-5 - f/4)). Give d(y).
8
Let p(f) = 13*f**3 + 3 + 0 - 2. Let b = -17903 + 17902. Determine p(b).
-12
Let n(p) = p**2 - 3. Let b be (-84)/(-105) + 362/10 + 0. Suppose 11*d = -4 + b. What is n(d)?
6
Let q = 1912 - 1903. Let j(b) = -9*b**3 + 80*b**2 + 8*b + 3. Give j(q).
-6
Suppose -13*d = -3*p - 14*d - 20, 0 = 9*p + 2*d + 52. Let g be 3/1 - (-1)/(-1). Let y(h) = -3*h**g + 5*h**2 - 3*h**2 - 4*h - 1. Calculate y(p).
-1
Let r(q) = q**3 + 4*q**2 - 5*q + 3. Let m be r(-5). Let u(x) = 3*x**2 - 94*x - 3. Let z be u(36). Let f(t) = 494*t - 3 - 994*t + z*t. Determine f(m).
0
Let r(t) = -6*t**3 - 81*t**2 - 257*t. Let o be r(-5). Let f(c) = 2*c + 6 - 10 - 9. Give f(o).
7
Let a be 6*2*(-1)/2. Let z(u) be the second derivative of -u**3/6 + u**2 + 2*u + 278. Calculate z(a).
8
Let n(b) = -19*b + 27. Let w be n(12). Let h = w + 204. Let j(x) = -2*x**3 + 2*x**2 + 3*x - 3. Calculate j(h).
-30
Let k be (-120)/(-320) - (-531)/(-8). Let w = k + 69. Let g(h) = 7*h - 3. Calculate g(w).
18
Suppose t - 24 = 3*x, -2*x - 32 = -0*x + 2*t. Let v(r) = -6*r - 1. What is v(x)?
59
Let p(a) = -a**2 - 11*a - 15. Let j be (0 + 21*(-1)/(-6))*2. Let n be (-10)/j*(-35 + 42). What is p(n)?
-5
Let k(y) = 1004*y - 12049. Let q be k(12). Let f = -14 - -22. Let h(z) = -27*z**2 - 5. Let t(o) = -40*o**2 - 8. Let u(d) = f*h(d) - 5*t(d). Give u(q).
-16
Let p = 3 + -7. Let i(n) = -2*n - 1. Let w(g) = 47*g + 10. Let d(m) = 5*i(m) - w(m). Let c(x) = -7*x - 2. Let q(s) = -33*c(s) + 4*d(s). Calculate q(p).
-6
Let h(s) be the third derivative of -s**5/12 - 3*s**4/8 + 16*s**3/3 - 7977*s**2. Calculate h(-6).
-94
Let o(s) = -4 + 287*s + 295*s - 583*s + 1 + 2. Give o(-5).
4
Let g(u) be the second derivative of -u**5/20 - u**4/2 + 11*u**3/6 + 10*u**2 - 29*u + 6. Determine g(-7).
-8
Let z(h) = h**3 + 5*h**2 + 6*h - 2. Suppose -2*r = 102*r + 312. Give z(r).
-2
Let s(l) be the second derivative of -l**4/12 + 4*l**3/3 - 148*l + 1. Let t(m) = -m**3 + 4*m**2 - 2. Let q be t(3). Give s(q).
7
Let a(h) be the first derivative of 3*h**2 - 27*h - 643. What is a(4)?
-3
Suppose 10*p = 6*p. Suppose -3*d - 4 + 22 = p. Let v(j) be the second derivative of -j**4/12 + 5*j**3/6 - j**2/2 - 15*j. Give v(d).
-7
Let p be (16/32)/((-1)/6). Let k(y) = y**2 + 1. Let t be k(p). Let c(b) = 17*b**2 + 1 + t*b**2 - 9 - 26*b**2 - b. Give c(0).
-8
Let w(s) = -s**3 - 5*s**2 - 28*s + 60. Let v(a) = -2*a**2 - a - 8. Let g(p) = -5*v(p) - w(p). Calculate g(-12).
16
Let u(y) = y**3 + 6*y**2 - 8*y - 6. Suppose -4*s - 54 = -6*s + 4*h, 0 = 4*s + 3*h - 119. Suppose -182 = 55*f - s*f. Give u(f).
1
Let u(z) = 2*z**2 + 6*z - 7. Suppose 91*c = 64*c + 41*c + 56. Determine u(c).
1
Let n(o) = 13*o**2 - 23*o - 45. Let i(f) = -21*f**2 + 34*f + 67. Let d(p) = -5*i(p) - 8*n(p). Determine d(-12).
1
Let k(y) be the second derivative of 3/4*y**4 + 61*y + 0 - 2/3*y**3 - 1/20*y**5 - 5/2*y**2. Give k(9).
-41
Let d(k) = -k**2 - 19*k - 30. Let q = -4657 - -4640. What is d(q)?
4
Let n(i) = -5*i**3 - i**2 + i + 2. Let t = -329 + 328. Determine n(t).
5
Let a(w) = -13*w + 3. Let u(l) = l**2 - 3*l - 2. Let r(z) = z**3 + 2*z**2 - 7*z + 10. Let h be r(-4). Suppose -h*j - 33 = -57. Let s be u(j). Determine a(s).
-23
Let r(t) = -6*t**2 + 178*t - 132. Let x(z) = 2*z**2 - 59*z + 45. Let p(g) = -3*r(g) - 10*x(g). Give p(27).
0
Let t(m) be the second derivative of -m**5/20 - 3*m**2/2 - 265*m. Suppose -5*j = -l - 5 + 1, 16 = 2*j - 4*l. Determine t(j).
-3
Let s = 8 - 6. Let n(x) = -x + x**s - x - 3 + x. Suppose o + 2*o = -5*m, -12 = -m - 3*o. Determine n(m).
9
Let t(p) = p**2 + 2*p - 14. Let i be t(-5). Let q(r) be the first derivative of -r**2 + 2*r + 2446. Determine q(i).
0
Let j(w) = -87 + 65 + 34*w**2 - 3*w**3 - 38*w**2 + 2*w**3. Calculate j(-5).
3
Let p = 437 - 387. Let g = -57 + p. Let s(q) = q**2 + 14*q + 9. Calculate s(g).
-40
Let k(x) be the first derivative of 3*x**2 + 0 - 2*x**2 - 2. Let f be (28 + -3)*(2 - 117/65). Give k(f).
10
Let g(y) = -y**2 - 20*y + 203. Let w be g(-28). Let p(h) = 2*h + 47. What is p(w)?
5
Let r be (38 + -40)/(-1 - 0/2). Let n(d) = -3*d**2 + 4*d**r + 4872*d - 4864*d. Determine n(-7).
-7
Let p(u) = -u**2 + 425*u + 16093. Let j be p(-35). Let o be (-3)/12 + (-42)/(-8). Let s(f) = -o*f - f + f**3 + 7*f**2 - 10 + 5*f. Calculate s(j).
-3
Let z(u) = 10 - 5*u**2 - 302*u + 280*u + u**3 + 23*u. What is z(3)?
-5
Let f(t) = 22*t**3 + 2 + 12*t**2 + 8*t**2 - 22*t**2 + 6*t**2 - 23*t**3 - 1. Let o be 0 + 0 + 0 + 4. Let b = 8 - o. Give f(b).
1
Let h(d) be the second derivative of -d**5/20 + 7*d**4/4 - 11*d**3/3 - 25*d**2/2 - 1961*d. Give h(20).
-65
Let m(n) = -n**3 - 2*n + 45. Suppose -17*a - 415 = -415. Determine m(a).
45
Let t(i) = -4*i**2 - 4*i + 23. Let f(v) = -15*v**2 - 16*v + 92. Let y(j) = -6*f(j) + 22*t(j). Let c(w) be the first derivative of y(w). Calculate c(-6).
-16
Let r = -82 + 140. Let q be r/145 - -1*(-2)/5. Suppose -21*y + 24*y - 15 = q. Let t(o) = -2*o + 6. Give t(y).
-4
Let s = 201661 - 201659. Let l(d) = -2*d**3 + 4*d**2 + d - 1. Let p(a) = -a**3 + 2*a**2 + a - 1. Let f(o) = 3*l(o) - 5*p(o). What is f(s)?
-2
Let p be 4/1*(-1190)/408*-75. Let o = p - 883. Let b(l) = 2*l**3 - 12*l**2 - 11*l - 15. Let q(i) = i**3 - i**2 - 1. Let c(s) = -b(s) + 3*q(s). What is c(o)?
-12
Let s(g) = -7*g. Suppose 0 = 2*l - 3*x - 343, -4*x - 683 = -4*l + x. Suppose -l = -a - 161. Suppose 11*o - 17*o = a. Calculate s(o).
7
Suppose -19 = 5*p - 6*f, -3*p - 2*f = -7*p - 4. Let g(n) = 3*n**3 + n - 1. What is g(p)?
3
Let d(m) = 4*m - 1. Let h(y) = 7*y - 24. Let v(r) = r**2 - 12*r + 31. Let w be v(4). Let p(o) = w*h(o) + 2*d(o). Give p(-20).
2
Let h(p) be the third derivative of -p**6/120 - p**5/12 + 7*p**4/24 + p**3 - 138*p**2. Suppose -2*t - 13 = -1. Calculate h(t).
0
Let f = 5131 + -5126. Let l(x) = x**2 - 4*x - 6. Give l(f).
-1
Let m(w) be the first derivative of w**5/20 + w**4/2 - w**3 - 5*w**2/2 + 40*w + 42. Let v(b) be the first derivative of m(b). Determine v(-7).
-12
Let n(s) be the first derivative of -s**4/4 - 3*s**3 - 4*s**2 - 2*s + 2282. Determine n(-8).
-2
Let b(w) = w**2 - 2*w**2 + 3 - 1 + w. Let v(y) = -y**2 - 26*y - 43. Let r be v(-22). Let l = r - 45. Determine b(l).
2
Let d(z) = z**2 + 3. Let j(u) = -u**3 + 7*u**2 - u + 3. Let x be j(7). Let r be (-2)/(2 - (-26)/x - -5). Give d(r).
19
Let y(w) = -15*w + 63. Let q = 2149 - 2145. Give y(q).
3
Let f(o) = -2*o - 52. Suppose -p - s = -13, 123*p + 25 = 128*p - 3*s. Calculate f(p).
-68
Let a(l) = 2*l**3 + 26*l**2 - 27*l + 26. Suppose -4*z = -4*p - 0*p - 2